e 3?
-200210022
What is 122230 (base 4) in base 13?
a15
-7135 (base 10) to base 6
-53011
-847 (base 9) to base 2
-1010110011
-3994 (base 15) to base 7
-50554
82528 (base 9) to base 13
1b99b
15e28 (base 15) to base 11
49122
Convert 899 (base 11) to base 16.
434
What is -100102 (base 3) in base 15?
-11e
Convert 544 (base 8) to base 2.
101100100
-113221 (base 5) to base 3
-12202001
Convert 134 (base 5) to base 4.
230
ba8 (base 15) to base 4
221021
What is -1033 (base 11) in base 13?
-812
What is -1254 (base 7) in base 14?
-264
What is 513 (base 10) in base 2?
1000000001
25204 (base 11) to base 14
d287
1001001111 (base 2) to base 14
303
-1475 (base 9) to base 3
-1112112
Convert -358a (base 11) to base 10.
-4696
-89 (base 14) to base 12
-a1
What is 10858 (base 12) in base 14?
8004
What is -3221 (base 7) in base 10?
-1142
Convert 215232 (base 6) to base 16.
4664
What is 100010010001 (base 2) in base 3?
10000020
518 (base 9) to base 11
354
Convert -122101 (base 4) to base 7.
-4621
Convert -4b33 (base 15) to base 9.
-23873
Convert -10100 (base 9) to base 10.
-6642
-1802 (base 9) to base 12
-96b
What is 124433 (base 5) in base 10?
4993
What is 215 (base 16) in base 15?
258
76a (base 11) to base 14
49d
Convert 10223 (base 5) to base 2.
1010110000
What is 3601 (base 7) in base 3?
1211001
What is -6023 (base 10) in base 7?
-23363
Convert -31514 (base 13) to base 7.
-516503
112010 (base 4) to base 12
998
Convert 52232 (base 10) to base 15.
10722
2d9 (base 16) to base 10
729
What is 159 (base 14) in base 15?
135
What is -1401112 (base 5) in base 6?
-334534
-18d38 (base 14) to base 4
-33113312
-6c8 (base 13) to base 14
-602
What is -71055 (base 8) in base 2?
-111001000101101
10010110012 (base 3) to base 6
1153005
What is 1010110100010 (base 2) in base 7?
22101
Convert -39375 (base 10) to base 11.
-27646
Convert -2043233 (base 5) to base 15.
-a1e8
Convert 4db (base 16) to base 7.
3424
33a (base 12) to base 5
3403
-10000100011010010 (base 2) to base 5
-4132134
What is -1310343 (base 5) in base 16?
-647b
What is -2200200 (base 3) in base 13?
-b7c
Convert -2c2 (base 15) to base 11.
-525
What is -321342 (base 5) in base 10?
-10847
What is 101001 (base 3) in base 11?
227
Convert 770 (base 12) to base 5.
13332
Convert -111110 (base 2) to base 6.
-142
What is -939 (base 13) in base 12?
-aa9
-100100111010111 (base 2) to base 9
-27833
What is 1435 (base 14) in base 15?
10d5
What is -24534 (base 7) in base 16?
-192c
Convert 250320 (base 6) to base 4.
11122020
Convert -1920 (base 12) to base 9.
-4156
What is 321 (base 16) in base 14?
413
What is 37c (base 16) in base 15?
3e7
-441 (base 5) to base 11
-100
32cc (base 15) to base 6
121503
-20012 (base 5) to base 14
-65b
-1510 (base 7) to base 15
-29a
What is 20515 (base 6) in base 4?
223133
Convert 365 (base 15) to base 16.
302
What is -10212 (base 4) in base 15?
-149
What is 787 (base 9) in base 16?
286
Convert 1418 (base 13) to base 7.
11303
What is -23023320 (base 4) in base 8?
-131370
What is -4d8 (base 15) in base 13?
-66b
Convert 30fd (base 16) to base 3.
122012111
-2a69 (base 12) to base 5
-124402
Convert -3404 (base 12) to base 6.
-42404
What is 111102022 (base 3) in base 12?
57b2
-3551 (base 7) to base 13
-79a
10110110010110 (base 2) to base 16
2d96
What is -2021100 (base 3) in base 13?
-9a5
Convert 47a (base 13) to base 6.
3333
-1012011011 (base 3) to base 5
-1222230
1c1 (base 16) to base 4
13001
What is 57501 (base 8) in base 13?
b13a
What is 59 (base 12) in base 16?
45
What is -4117 (base 10) in base 5?
-112432
What is -5346 (base 11) in base 7?
-26415
Convert -2845 (base 11) to base 16.
-e5f
-54322 (base 6) to base 8
-16452
-29cd (base 14) to base 9
-11168
-475 (base 12) to base 4
-22121
-21020000 (base 3) to base 15
-1860
-10101100110100 (base 2) to base 6
-123112
Convert 20413 (base 5) to base 10.
1358
What is -15 (base 12) in base 13?
-14
-66c6 (base 15) to base 4
-11110122
12f (base 16) to base 6
1223
48b (base 13) to base 2
1100010111
13462 (base 9) to base 6
110132
Convert 13 (base 7) to base 15.
a
What is -342 (base 5) in base 3?
-10121
Convert -320 (base 5) to base 7.
-151
-1220 (base 8) to base 16
-290
Convert -24e6 (base 16) to base 4.
-2103212
Convert -2101010121 (base 3) to base 15.
-dcbd
-10121020 (base 4) to base 9
-26611
Convert -101110101 (base 2) to base 12.
-271
20 (base 5) to base 14
a
Convert ab3 (base 12) to base 5.
22300
-223233 (base 4) to base 10
-2799
-1203312 (base 5) to base 12
-10b10
What is -222301 (base 4) in base 5?
-41422
Convert -1231 (base 5) to base 13.
-119
-8085 (base 9) to base 11
-4492
-23132 (base 4) to base 7
-2066
Convert 1439 (base 16) to base 6.
35545
What is 1183 (base 10) in base 4?
102133
What is -639 (base 10) in base 6?
-2543
-24266 (base 8) to base 10
-10422
-2000 (base 6) to base 15
-1dc
-3583 (base 9) to base 10
-2667
What is 123230 (base 5) in base 2?
1001011001111
What is -11861 (base 10) in base 11?
-8a03
Convert 28 (base 16) to base 7.
55
Convert 12041 (base 6) to base 9.
2357
Convert 13d (base 15) to base 3.
101111
Convert 7ce6 (base 16) to base 7.
162135
1000022 (base 3) to base 5
10422
Convert 122001 (base 3) to base 13.
295
Convert -202022 (base 3) to base 16.
-224
Convert 109a5 (base 14) to base 15.
be35
What is 121221 (base 4) in base 6?
11333
What is -2320121 (base 4) in base 8?
-27031
-1358 (base 9) to base 4
-100001
What is 1155 (base 9) in base 10?
860
What is 3015 (base 14) in base 4?
2000323
-8369 (base 10) to base 2
-10000010110001
What is -6 (base 15) in base 3?
-20
-228 (base 13) to base 3
-111210
What is 100111100111 (base 2) in base 16?
9e7
4e9 (base 16) to base 11
a43
What is 303 (base 11) in base 4?
11232
Convert 2002133 (base 4) to base 2.
10000010011111
Convert -576 (base 8) to base 16.
-17e
102343 (base 5) to base 3
11202122
Convert -22220 (base 4) to base 11.
-569
b7 (base 14) to base 8
241
Convert 30202 (base 4) to base 13.
499
Convert -49c (base 15) to base 7.
-3024
312502 (base 6) to base 13
b645
Convert 1110110110 (base 2) to base 11.
794
2ccc (base 15) to base 9
14203
What is -1100101000 (base 2) in base 15?
-38d
-1b8c (base 14) to base 13
-2396
Convert -a0a7 (base 13) to base 6.
-250203
Convert 1010 (base 8) to base 11.
433
68 (base 16) to base 8
150
What is 36501 (base 11) in base 7?
306051
What is -40554 (base 6) in base 2?
-1010100010110
What is -10210 (base 3) in base 9?
-123
What is 1489 (base 14) in base 5?
104044
Convert -220646 (base 7) to base 5.
-2214434
What is -717 (base 11) in base 8?
-1541
86 (base 11) to base 6
234
What is 21434 (base 5) in base 14?
78a
What is -5334 (base 6) in base 9?
-1584
What is 3286 (base 12) in base 14?
2062
What is -2021122 (base 3) in base 10?
-1664
What is 978 (base 11) in base 13?
6c4
Convert -500 (base 8) to base 4.
-11000
What is 27561 (base 9) in base 10?
18685
What is -b194 (base 15) in base 14?
-d93b
Convert 3b0 (base 13) to base 8.
1212
Convert -4d21 (base 14) to base 12.
-7a15
What is -1010100010 (base 2) in base 12?
-482
Convert -a5 (base 11) to base 15.
-7a
Convert 2546 (base 7) to base 9.
1282
Convert 11100011 (base 2) to base 8.
343
Convert 3507 (base 12) to base 8.
13427
1b7 (base 14) to base 6
1353
1727 (base 10) to base 16
6bf
Convert -2210202 (base 3) to base 7.
-5651
-262 (base 14) to base 7
-1252
5cd1 (base 15) to base 12
b537
Convert 52127 (base 9) to base 13.
1284a
-1972 (base 12) to base 11
-2378
Convert 949 (base 16) to base 12.
1461
What is 8183 (base 11) in base 12?
6350
What is 1043 (base 6) in base 8?
363
Convert 2405 (base 6) to base 2.
1001000101
What is 3e4 (base 15) in base 13?
535
What is -20154 (base 7) in base 3?
-20201010
-288 (base 13) to base 14
-242
What is 3490 (base 14) in base 11?
6961
b2e (base 16) to base 5
42422
-ca13 (base 13) to base 12
-142b2
-51 (base 16) to base 15
-56
Convert 2a6 (base 13) to base 5.
3344
Convert 11000110 (base 2) to base 5.
1243
What is 2543 (base 10) in base 3?
10111012
Convert -10222011 (base 3) to base 13.
-1417
Convert -b54 (base 15) to base 13.
-1216
2dd (base 16) to base 5
10413
What is -11200103 (base 4) in base 3?
-1010221002
What is -bc47 (base 13) in base 5?
-1320004
Convert 3d90 (base 16) to base 14.
5a5a
Convert aa75 (base 11) to base 13.
6853
Convert -10252 (base 6) to base 8.
-2570
311 (base 8) to bas